. Let q be g(3). Let s(f) = -1 + 2 - 2*f + q. Let k be s(-3). Calculate the highest common divisor of 77 and k.
7
Suppose 0 = 5*u - 5*g + 55, -3*u + 41 = -8*u - 2*g. Let z = -2 - u. Let p = 163 - 107. Calculate the greatest common factor of p and z.
7
Let l = 2 + -1. Let g be (-86)/18 - (-10)/(-45). Let b = g + 8. Calculate the highest common factor of b and l.
1
Let a(q) = -3*q + 9. Let t be a(-7). Suppose 3*m - m = 6. Suppose -4*y = -2*u, m*u - 5*y - 6 = -y. Calculate the highest common factor of t and u.
6
Let f = 38 - 59. Let m = 43 + f. Suppose -8 = -5*z + m. What is the greatest common divisor of z and 18?
6
Let j = 33 + 32. What is the greatest common factor of 13 and j?
13
Let p(r) = -r**2 + 11*r - 8. Let v be p(10). Let q(j) = j**2 - 2*j + 3. Let b be q(v). Calculate the greatest common factor of b and 3.
3
Suppose 30 - 94 = -4*r + 2*a, 4*a + 38 = 2*r. What is the highest common factor of 120 and r?
15
Suppose -9*s + 450 = -4*s. Suppose 2*y - 376 = -s. What is the highest common divisor of y and 13?
13
Suppose 0 = f + f - 88. Let a = f - 81. Let z = a + 107. Calculate the greatest common factor of z and 10.
10
Let b(t) = -t**2 - 12*t + 10. Let k be b(-11). What is the greatest common divisor of 147 and k?
21
Suppose 2*l + 22 = 5*z, -2*z = -4*l + 5 - 17. Suppose -z*d + 8*d - 20 = 0. Let m = 4 - -1. Calculate the greatest common factor of m and d.
5
Suppose -18 - 22 = -5*s. Let x = 17 + s. Calculate the greatest common factor of 10 and x.
5
Let d be (4/(-12))/((-1)/39). Let g = -9 + d. Suppose -i = g*i - 20. Calculate the greatest common divisor of i and 12.
4
Let l = 4 - 7. Let u be 15*(-3)/(3*l). What is the highest common factor of 5 and u?
5
Let s = 21 - 10. What is the highest common factor of 99 and s?
11
Suppose -784 = -2*g - 3*g + 4*l, -5*g - 3*l + 812 = 0. Suppose 0*q = 4*q - g. Calculate the highest common factor of 16 and q.
8
Let j be (14/(-6))/(-5 - 1032/(-207)). What is the highest common divisor of 23 and j?
23
Let h be (0 + (-1)/2)*22. Let f be (1 + h)*(-2 - 0). Calculate the highest common factor of 4 and f.
4
Let s be 10/(-15) - (-58)/6. Let f = 19 - s. What is the greatest common factor of f and 10?
10
Let t = -52 + 74. Let l = -14 + t. What is the highest common factor of 20 and l?
4
Suppose 0 = -3*z - 7*z + 80. Let g = 139 - 75. What is the greatest common factor of g and z?
8
Let q(r) = 3*r**2 + 2*r + 1. Suppose 3*i = 7*i + 8. Let o be q(i). What is the greatest common divisor of o and 99?
9
Suppose 7*i - 24 = 102. Let o be -1 + 3 - (0 + -16). Calculate the greatest common divisor of i and o.
18
Suppose 2*b - b - 431 = -5*h, 5*h + 3*b = 423. What is the highest common factor of h and 58?
29
Let f be (-2)/(-9) + (-1706)/(-18). Suppose -5*p - 2*q = -63 - 26, 4*q = 4*p - 88. Calculate the highest common divisor of f and p.
19
Suppose -4 = -b - r + 5*r, -5*b + 2*r + 2 = 0. Let i = -2 - b. Let o be (-3)/(1 + i) - -49. What is the highest common divisor of o and 13?
13
Suppose 0 = 2*f - 4 - 6, 0 = 4*p - 3*f - 89. What is the highest common divisor of p and 13?
13
Let u(n) = -n + 74. Let l be u(0). Let t = -26 + l. What is the greatest common factor of 6 and t?
6
Let i = -10 - -31. What is the highest common divisor of 42 and i?
21
Let z be (0 - 20)/(9 - 11). Suppose 13 + 2 = s. Calculate the greatest common factor of z and s.
5
Let g = 46 + -95. Let r = g - -76. Suppose 0*d - 3*d = -r. What is the greatest common factor of 1 and d?
1
Let y = 29 - 23. What is the highest common divisor of y and 24?
6
Suppose -4*q + 480 = 4*q. Calculate the highest common divisor of 24 and q.
12
Suppose j - 15 = 10. Calculate the highest common factor of j and 275.
25
Suppose 0 = 5*o + 53 - 218. Calculate the greatest common divisor of o and 33.
33
Let c(i) = -3*i**3 - 2*i**2 - 2*i. Let k = -1 - 1. Let z be c(k). Suppose -93 = -5*n + 57. Calculate the greatest common factor of n and z.
10
Let p = -5 - -17. Let s(y) = 29*y - 2 + 0 + 3. Let v be s(1). Calculate the highest common divisor of p and v.
6
Let x(i) = -7*i + 4. Let y be x(-4). Suppose 5*b + 20 = 0, g - 8*b - 18 = -3*b. Let c be (-174)/(-21) - g/(-7). What is the highest common factor of c and y?
8
Suppose -16 = -3*l - 1. Suppose l*h = 9*h - 500. What is the highest common factor of 25 and h?
25
Let t be (-34)/(-9) - 4/(-18). Let c be 9/t + (-1)/4. Suppose c*i + 2*s + 4 = -0*s, s = -3*i. Calculate the greatest common divisor of i and 2.
1
Let t be (37*(-2 - -1))/1. Suppose -2*m = m + 12, 0 = 2*q + 3*m + 116. Let c = t - q. What is the highest common divisor of c and 75?
15
Let r be (8/10)/(10/25). What is the greatest common factor of 2 and r?
2
Let f = 38 - 26. What is the highest common divisor of f and 3?
3
Suppose 0 = d - 58 + 13. Suppose 5*k - 117 + 27 = 0. What is the highest common factor of k and d?
9
Let z be (-10 + 21)/(2/6). What is the greatest common factor of z and 11?
11
Let x be (1/(-5) + -1)*(-180)/27. Calculate the greatest common factor of 2 and x.
2
Let c(b) = -3*b + 22. Let n be c(-16). Calculate the highest common divisor of 7 and n.
7
Let d be 122/2 + 1 + -2. Suppose 3*o - 1 - 8 = 0. Let y be (6/4)/(o/24). What is the highest common factor of y and d?
12
Suppose -15*f + 12*f = -66. Calculate the highest common factor of 2 and f.
2
Let k(s) = s**2 - 8*s - 5. Let w be k(11). Let j = w - 11. Suppose 2*n - 10 = -g, g + j = 5*n - 1. What is the highest common factor of n and 2?
2
Let k(j) = j**2 - 12*j + 20. Let o be k(11). Let b = -5 + 6. Calculate the greatest common factor of o and b.
1
Let f = 516 + -351. Calculate the highest common factor of f and 15.
15
Suppose 79 = 5*s - 4*d, 3*s + 5*d - 55 = -s. Suppose 14 + 1 = 3*a, 2*a + s = 5*g. Suppose 1 = -2*l + g. What is the greatest common factor of l and 2?
2
Suppose 38 = 2*v - 2. Suppose 0*y - 5*y = v. Let k = y - -10. Calculate the greatest common factor of k and 42.
6
Suppose 4*p - 2*m - 30 = 0, -2*p - m = -p - 9. Suppose 4*f - 5*u - 23 = -2, -5*f = u - 19. Calculate the greatest common divisor of p and f.
4
Let u = -7 + -21. Let n be (-9)/(1 - u/(-16)). What is the highest common factor of n and 12?
12
Suppose 3*h - 489 = -3*v, 2*v + 0*h - 335 = -5*h. Let a = -70 + v. Calculate the highest common divisor of a and 10.
10
Suppose -2*d + 5*x = -20, 5*d - 50 = -0*x + 3*x. Suppose -4*i = i - d. Let n(p) = p**2 + 2*p + 1. Let k be n(-2). What is the highest common factor of i and k?
1
Suppose s - 3*f = 5*s - 282, 4*f + 152 = 2*s. What is the highest common factor of 108 and s?
36
Let q be 0/((-2)/(-1)) - -2. Let c be (1 - q)*(0 - 12). Suppose -5*j - h + 138 = 2*h, -3*j = 3*h - 78. Calculate the greatest common factor of c and j.
6
Suppose 1 = 2*o - 5. Let r(w) = 5*w**3 - 5*w**2 + 3*w. Let n be r(o). What is the highest common divisor of 9 and n?
9
Suppose -3*k + 7 = -3*s - 77, 5*s - 112 = -4*k. What is the greatest common divisor of 56 and k?
28
Let p = 14 + -12. Suppose 5*g = 18 + p. What is the greatest common factor of 32 and g?
4
Suppose 4*n + j = 11, -5*n - 4*j + 2 = -9. Let p be -8*(2/1 - n). What is the greatest common factor of 64 and p?
8
Let t = 20 - 8. Calculate the highest common factor of 12 and t.
12
Let z = -79 + 164. Suppose v - 5 = 2*x, 5*v = x - 5*x + 11. Suppose 2*d = v*d - 17. Calculate the highest common divisor of d and z.
17
Let j = 12 + -12. Suppose j = -3*m - 0*m + 42. Calculate the highest common divisor of 21 and m.
7
Let p(i) = i**2 - 10*i. Let j be p(10). Suppose -4*b = -j*b + 148. Let r be (b - -1)/((-6)/4). What is the highest common factor of 24 and r?
24
Suppose 5*j - 94 + 19 = 0. Let z be 44 + 8/(-4) + 3. Calculate the highest common factor of z and j.
15
Suppose -2*o + 1 + 1 = 3*m, -20 = -5*o. Let r(n) = -n**3 + 3*n**2 + 2*n + 3. Let c be r(m). Calculate the highest common factor of c and 209.
19
Let q(i) = -i**3 + 15*i**2 - 13*i - 11. Let u be q(14). What is the greatest common divisor of u and 15?
3
Let s(x) = 7*x + 22. Let c be s(6). Let u(n) = n**3 - 2*n + 1. Let t be u(1). Let j = 8 - t. What is the greatest common divisor of c and j?
8
Let k = 6 - -57. Let c(d) = d**3 - 2*d**2 + d - 3. Suppose 3*n = -4*v + 12, 0 = 6*n - 3*n. Let p be c(v). Calculate the highest common factor of p and k.
9
Let p(t) = -11*t. Let j(m) = m - 3. Let u be j(2). Let v be p(u). Let c = 22 + v. 